{"id":641,"date":"2024-01-18T10:30:05","date_gmt":"2024-01-18T09:30:05","guid":{"rendered":"https:\/\/hikmicro.promitel.pl\/?page_id=641"},"modified":"2024-03-27T09:09:26","modified_gmt":"2024-03-27T08:09:26","slug":"ai56","status":"publish","type":"page","link":"https:\/\/hikmicro.com.pl\/index.php\/ai56\/","title":{"rendered":"AI56"},"content":{"rendered":"\n<div\n    class=\"cep__container\"\n    data-cep-style-id=\"713125a7b3e891fdde9b602a130382d6\"\n  >\n    <div data-cep-style-id=\"b7f35ad40e17571e96eb52b2c7b42baf\">\n      <div class=\"hik-feature-billboard\">\n        <div\n          class=\"bg-box global-assets-adapter\"\n          data-type=\"img\"\n          style=\"\n            background-image: url('https:\/\/hikmicro.com.pl\/wp-content\/uploads\/2024\/01\/ai56_img1.jpg');\n          \"\n        >\n          <div class=\"content-wrap wrap1310\">\n            <div class=\"content-container-billboard p-top-center product c-white\">\n              <div class=\"content-box\">\n                <div class=\"title content\">AI56<\/div>\n                <div class=\"description content\">\n                  Lokalizacja w czasie rzeczywistym. Skuteczne wykrywanie wyciek\u00f3w\n                <\/div>\n              <\/div>\n            <\/div>\n          <\/div>\n        <\/div>\n      <\/div>\n    <\/div>\n    <div data-cep-style-id=\"12b3bc3c07391995acaeb89533bf68a0\">\n      <div class=\"hik-feature-billboard\">\n        <div\n          class=\"bg-box global-assets-adapter\"\n          data-type=\"img\"\n          style=\"\n            background-image: url('https:\/\/hikmicro.com.pl\/wp-content\/uploads\/2024\/01\/ai56_img2.jpg');\n          \"\n        >\n          <div class=\"content-wrap wrap1310\">\n            <div class=\"content-container-billboard p-top-center c-white\">\n              <div class=\"content-box\">\n                <div class=\"title content\">\n                  Mikrofony MEMS o niskim poziomie szumu i regulowany zakres szumu\n                <\/div>\n                <div class=\"description content\">\n                  Urz\u0105dzenie wykorzystuje 64 mikrofony MEMS o niskim poziomie\n                  szumu i posiada regulowany zakres pasma wynosz\u0105cy od 2 kHz do 65\n                  kHz. AI56 zapewnia \u0142atwy i skuteczny spos\u00f3b lokalizacji wyciek\u00f3w\n                  gazu i wy\u0142adowa\u0144 niezupe\u0142nych w systemach o wysokim\n                  napi\u0119ciu.&nbsp;\n                <\/div>\n              <\/div>\n            <\/div>\n          <\/div>\n        <\/div>\n      <\/div>\n    <\/div>\n    <div data-cep-style-id=\"0d6cea8761b114945a7d9f4dde208b3d\">\n      <div class=\"hik-feature-billboard\">\n        <div\n          class=\"bg-box global-assets-adapter\"\n          data-type=\"img\"\n          style=\"\n            background-image: url('https:\/\/hikmicro.com.pl\/wp-content\/uploads\/2024\/01\/ai56_img3.jpg');\n          \"\n        >\n          <div class=\"content-wrap wrap1310\">\n            <div class=\"content-container-billboard p-top-center c-white\">\n              <div class=\"content-box\">\n                <div class=\"title content\">\n                  Wy\u015bwietlanie danych o wycieku w czasie rzeczywistym\n                <\/div>\n                <div class=\"description content\">\n                  AI56 oferuje szacowany wska\u017anik wycieku w czasie rzeczywistym,\n                  koszt wycieku i poziom wycieku dla wykrycia wyciek\u00f3w gazu. AI56\n                  mo\u017ce filtrowa\u0107 szumy w celu \u201ewizualizacji\u201d d\u017awi\u0119ku na du\u017cym\n                  ekranie dotykowym LCD o przek\u0105tnej wynosz\u0105cej 4,3 cala i nawet w\n                  ha\u0142a\u015bliwym \u015brodowisku.\n                <\/div>\n              <\/div>\n            <\/div>\n          <\/div>\n        <\/div>\n      <\/div>\n    <\/div>\n    <div data-cep-style-id=\"99813ac16117e80410d58e2a79461844\">\n      <div class=\"hik-feature-billboard\">\n        <div\n          class=\"bg-box global-assets-adapter\"\n          data-type=\"img\"\n          style=\"\n            background-image: url('https:\/\/hikmicro.com.pl\/wp-content\/uploads\/2024\/01\/ai56_img4.jpg');\n          \"\n        >\n          <div class=\"content-wrap wrap1310\">\n            <div class=\"content-container-billboard p-top-center c-white\">\n              <div class=\"content-box\">\n                <div class=\"title content\">4 rodzaje wy\u0142adowa\u0144 niezupe\u0142nych<\/div>\n                <div class=\"description content\">\n                  AI56 jest w stanie zidentyfikowa\u0107 wy\u0142adowania koronowe, unosz\u0105ce\n                  si\u0119, powierzchniowe, niezupe\u0142ne, oraz wykluczy\u0107 szumy t\u0142a ze\n                  sceny.\n                  <br \/>Znajomo\u015b\u0107 rodzaju i nasilenia wy\u0142adowa\u0107 pozwala obiektowi\n                  na zaplanowanie konserwacji w celu zminimalizowania awarii i\n                  przestoj\u00f3w.\n                <\/div>\n              <\/div>\n            <\/div>\n          <\/div>\n        <\/div>\n      <\/div>\n    <\/div>\n    <div data-cep-style-id=\"3c97aee3b4350f13212bae4143fb5b3a\">\n      <div class=\"hik-feature-billboard\">\n        <div\n          class=\"bg-box global-assets-adapter\"\n          data-type=\"img\"\n          style=\"\n            background-image: url('https:\/\/hikmicro.com.pl\/wp-content\/uploads\/2024\/01\/ai56_img5.jpg');\n          \"\n        >\n          <div class=\"content-wrap wrap1310\">\n            <div class=\"content-container-billboard p-top-center c-white\">\n              <div class=\"content-box\">\n                <div class=\"title content\">Analizator akustyczny<\/div>\n                <div class=\"description content\">\n                  Oprogramowanie analizatora akustycznego pozwala Ci na analiz\u0119 i\n                  tworzenie raport\u00f3w na podstawie obraz\u00f3w z inspekcji terenowych.\n                  Niniejsze raporty mog\u0105 by\u0107 eksportowane dostarczaj\u0105c\n                  zainteresowanym stronom dog\u0142\u0119bn\u0105 analiz\u0119, tak\u0105 jak rozmiar i\n                  koszt energii wycieku spr\u0119\u017conego gazu lub klasyfikacj\u0119 wy\u0142adowa\u0144\n                  niezupe\u0142nych.\n                <\/div>\n              <\/div>\n            <\/div>\n          <\/div>\n        <\/div>\n      <\/div>\n    <\/div>\n    <div data-cep-style-id=\"34512e4acc2971d7cd98619fe9a8710a\">\n      <div class=\"hik-feature-billboard\">\n        <div\n          class=\"bg-box global-assets-adapter\"\n          data-type=\"img\"\n          style=\"\n            background-image: url('https:\/\/hikmicro.com.pl\/wp-content\/uploads\/2024\/01\/ai56_img6.jpg');\n          \"\n        >\n          <div class=\"content-wrap wrap1310\">\n            <div class=\"content-container-billboard p-top-center c-white\">\n              <div class=\"content-box\">\n                <div class=\"title content\">System wymiennych akumulator\u00f3w<\/div>\n                <div class=\"description content\">\n                  Zawiera 3 wymienne baterie litowo-jonowe i dwugniazdow\u0105\n                  \u0142adowark\u0119, kt\u00f3re zapewni\u0105 Ci do 10 godzin pracy.&nbsp; Pozwala\n                  Ci to zachowa\u0107 zasilanie nawet podczas najd\u0142u\u017cszych inspekcji.\n                <\/div>\n              <\/div>\n            <\/div>\n          <\/div>\n        <\/div>\n      <\/div>\n    <\/div>\n    <div data-cep-style-id=\"155490eca4a42ce7bbbccaed5b340f0e\">\n      <div class=\"hik-feature-billboard\">\n        <div\n          class=\"bg-box global-assets-adapter\"\n          data-type=\"img\"\n          style=\"\n            background-image: url('https:\/\/hikmicro.com.pl\/wp-content\/uploads\/2024\/01\/ai56_img7.jpg');\n          \"\n        >\n          <div class=\"content-wrap wrap1310\">\n            <div class=\"content-container-billboard p-top-center c-white\">\n              <div class=\"content-box\">\n                <div class=\"title content\">Adnotacje do obraz\u00f3w<\/div>\n                <div class=\"description content\">\n                  Opr\u00f3cz obs\u0142ugi g\u0142osowej, adnotacje tekstowe do obrazu pomagaj\u0105\n                  poprawi\u0107 skuteczno\u015b\u0107 i produktywno\u015b\u0107 w procesie inspekcji.\n                <\/div>\n              <\/div>\n            <\/div>\n          <\/div>\n        <\/div>\n      <\/div>\n    <\/div>\n  <\/div>\n\n  <style>\n    .content {\n      color: white;\n    }\n  \n    .hik-feature-billboard .bg-box {\n      height: 46.875vw;\n      background: center \/ cover no-repeat;\n    }\n    .hik-feature-billboard .content-wrap {\n      height: 100%;\n      max-width: 68.229167vw;\n      margin: 0 auto;\n    }\n    .hik-feature-billboard .content-container-billboard {\n      display: flex;\n      align-items: center;\n      height: 100%;\n      padding: 3.49vw 0;\n    }\n    .hik-feature-billboard .content-container-billboard .content-box {\n      max-width: 41.2214%;\n    }\n    .hik-feature-billboard .content-container-billboard .content-box .title {\n      font-size: 1.6667vw;\n      margin-bottom: 1.25vw;\n      font-weight: 700;\n      max-width: 44.2708vw;\n      margin-left: auto;\n      margin-right: auto;\n    }\n    .hik-feature-billboard\n      .content-container-billboard\n      .content-box\n      .description {\n      font-size: 1.0417vw;\n      margin-bottom: 0.5vw;\n    }\n    @media (max-width: 1152px) {\n      .hik-feature-billboard\n        .content-container-billboard\n        .content-box\n        .description {\n        font-size: 0.625vw;\n      }\n    }\n    .hik-feature-billboard\n      .content-container-billboard\n      .content-box\n      .content:last-child {\n      margin-bottom: 0;\n    }\n    .hik-feature-billboard .content-container-billboard.p-top-center {\n      align-items: flex-start;\n      justify-content: center;\n    }\n    .hik-feature-billboard\n      .content-container-billboard.p-top-center\n      .content-box {\n      text-align: center;\n      width: 57.8334vw;\n      max-width: 100%;\n    }\n    .hik-feature-billboard .content-container-billboard.product {\n      align-items: flex-start;\n      justify-content: center;\n    }\n    .hik-feature-billboard .content-container-billboard.product .content-box {\n      text-align: center;\n      width: 44.2708vw;\n      max-width: 100%;\n    }\n    .hik-feature-billboard\n      .content-container-billboard.product\n      .content-box\n      .title {\n      font-size: 2.9166vw;\n    }\n    .hik-feature-billboard\n      .content-container-billboard.product\n      .content-box\n      .description {\n      font-size: 1.4583vw;\n    }\n    .hik-feature-billboard .content-qa-code {\n      position: absolute;\n      bottom: 7.8vw;\n      font-size: 1.05vw;\n      left: 0;\n    }\n    .hik-feature-billboard .content-qa-code .app-store {\n      display: flex;\n      margin-bottom: 4.4vw;\n      justify-content: space-between;\n    }\n    .hik-feature-billboard .content-qa-code .app-store .app-store-text-pc {\n      width: 12.5vw;\n      text-align: center;\n    }\n    .hik-feature-billboard\n      .content-qa-code\n      .app-store\n      .app-store-text-pc\n      .app-store-version {\n      margin-top: 1vw;\n      text-align: center;\n    }\n    .hik-feature-billboard .content-qa-code .app-store .app-store-text-mobile {\n      display: none;\n    }\n    .hik-feature-billboard .content-qa-code .google-play {\n      display: flex;\n      justify-content: space-between;\n    }\n    .hik-feature-billboard .content-qa-code .google-play .google-play-text-pc {\n      width: 12.5vw;\n      text-align: center;\n    }\n    .hik-feature-billboard\n      .content-qa-code\n      .google-play\n      .google-play-text-pc\n      .google-play-version {\n      margin-top: 1vw;\n      text-align: center;\n    }\n    .hik-feature-billboard\n      .content-qa-code\n      .google-play\n      .google-play-text-mobile {\n      display: none;\n    }\n    @media (max-width: 991px) {\n      .hik-feature-billboard .bg-box {\n        height: 143.466vw;\n      }\n      .hik-feature-billboard .content-wrap {\n        max-width: none;\n        margin-right: 15px;\n        margin-left: 15px;\n      }\n      .hik-feature-billboard .content-container-billboard {\n        padding: 8vw 0;\n        align-items: flex-start;\n      }\n      .hik-feature-billboard .content-container-billboard .content-box {\n        width: 100%;\n        max-width: none;\n        text-align: center;\n      }\n      .hik-feature-billboard .content-container-billboard .content-box .title {\n        font-size: 6.4vw;\n        margin-bottom: 3.2vw;\n        max-width: 100%;\n      }\n      .hik-feature-billboard\n        .content-container-billboard\n        .content-box\n        .description {\n        font-size: 3.733vw;\n        margin-bottom: 0;\n      }\n      .hik-feature-billboard\n        .content-container-billboard\n        .content-box\n        .content:last-child {\n        margin-bottom: 0;\n      }\n      .hik-feature-billboard\n        .content-container-billboard.p-top-center\n        .content-box {\n        width: 100%;\n      }\n      .hik-feature-billboard .content-container-billboard.product .content-box {\n        width: 100%;\n      }\n      .hik-feature-billboard\n        .content-container-billboard.product\n        .content-box\n        .title {\n        font-size: 9.6vw;\n        line-height: 1.27;\n      }\n      .hik-feature-billboard\n        .content-container-billboard.product\n        .content-box\n        .description {\n        font-size: 4.8vw;\n      }\n      .hik-feature-billboard .content-qa-code {\n        font-size: 16px;\n        left: 50%;\n        bottom: 0;\n        top: inherit;\n        transform: translate(-50%, 0);\n        width: 100%;\n      }\n      .hik-feature-billboard .content-qa-code .app-store {\n        display: block;\n        margin-bottom: 0;\n        text-align: center;\n      }\n      .hik-feature-billboard .content-qa-code .app-store .app-store-text-pc {\n        display: none;\n      }\n      .hik-feature-billboard .content-qa-code .app-store .app-store-text-mobile {\n        display: block;\n        width: auto;\n      }\n      .hik-feature-billboard\n        .content-qa-code\n        .app-store\n        .app-store-text-mobile\n        .app-store-version {\n        margin-top: 12px;\n      }\n      .hik-feature-billboard .content-qa-code .google-play {\n        display: block;\n        text-align: center;\n      }\n      .hik-feature-billboard\n        .content-qa-code\n        .google-play\n        .google-play-text-mobile {\n        display: block;\n        width: auto;\n      }\n      .hik-feature-billboard\n        .content-qa-code\n        .google-play\n        .google-play-text-mobile\n        .google-play-version {\n        margin-top: 12px;\n      }\n      .hik-feature-billboard .content-qa-code .google-play .google-play-text-pc {\n        display: none;\n      }\n    }\n  <\/style>\n","protected":false},"excerpt":{"rendered":"<p>AI56 Lokalizacja w czasie rzeczywistym. Skuteczne wykrywanie wyciek\u00f3w Mikrofony MEMS o niskim poziomie szumu i regulowany zakres szumu Urz\u0105dzenie wykorzystuje 64 mikrofony MEMS o niskim poziomie szumu i posiada regulowany zakres pasma wynosz\u0105cy od 2 kHz do 65 kHz. AI56 zapewnia \u0142atwy i skuteczny spos\u00f3b lokalizacji wyciek\u00f3w gazu i wy\u0142adowa\u0144&#8230;<\/p>\n","protected":false},"author":1,"featured_media":0,"parent":0,"menu_order":0,"comment_status":"closed","ping_status":"closed","template":"","meta":{"inline_featured_image":false,"footnotes":""},"yoast_head":"<!-- This site is optimized with the Yoast SEO plugin v22.3 - https:\/\/yoast.com\/wordpress\/plugins\/seo\/ -->\n<title>AI56 - HIKMICRO<\/title>\n<meta name=\"description\" content=\"AI56 jest w stanie zidentyfikowa\u0107 wy\u0142adowania koronowe, unosz\u0105ce si\u0119, powierzchniowe, niezupe\u0142ne, oraz wykluczy\u0107 szumy t\u0142a ze sceny. Znajomo\u015b\u0107 rodzaju i nasilenia wy\u0142adowa\u0107 pozwala obiektowi na zaplanowanie konserwacji w celu zminimalizowania awarii i przestoj\u00f3w.\" \/>\n<meta name=\"robots\" content=\"index, follow, max-snippet:-1, max-image-preview:large, max-video-preview:-1\" \/>\n<link rel=\"canonical\" href=\"https:\/\/hikmicro.com.pl\/index.php\/ai56\/\" \/>\n<meta property=\"og:locale\" content=\"pl_PL\" \/>\n<meta property=\"og:type\" content=\"article\" \/>\n<meta property=\"og:title\" content=\"AI56 - HIKMICRO\" \/>\n<meta property=\"og:description\" content=\"AI56 jest w stanie zidentyfikowa\u0107 wy\u0142adowania koronowe, unosz\u0105ce si\u0119, powierzchniowe, niezupe\u0142ne, oraz wykluczy\u0107 szumy t\u0142a ze sceny. Znajomo\u015b\u0107 rodzaju i nasilenia wy\u0142adowa\u0107 pozwala obiektowi na zaplanowanie konserwacji w celu zminimalizowania awarii i przestoj\u00f3w.\" \/>\n<meta property=\"og:url\" content=\"https:\/\/hikmicro.com.pl\/index.php\/ai56\/\" \/>\n<meta property=\"article:modified_time\" content=\"2024-03-27T08:09:26+00:00\" \/>\n<meta name=\"twitter:card\" content=\"summary_large_image\" \/>\n<meta name=\"twitter:label1\" content=\"Szacowany czas czytania\" \/>\n\t<meta name=\"twitter:data1\" content=\"2 minuty\" \/>\n<script type=\"application\/ld+json\" class=\"yoast-schema-graph\">{\"@context\":\"https:\/\/schema.org\",\"@graph\":[{\"@type\":\"WebPage\",\"@id\":\"https:\/\/hikmicro.com.pl\/index.php\/ai56\/\",\"url\":\"https:\/\/hikmicro.com.pl\/index.php\/ai56\/\",\"name\":\"AI56 - HIKMICRO\",\"isPartOf\":{\"@id\":\"https:\/\/hikmicro.com.pl\/#website\"},\"datePublished\":\"2024-01-18T09:30:05+00:00\",\"dateModified\":\"2024-03-27T08:09:26+00:00\",\"description\":\"AI56 jest w stanie zidentyfikowa\u0107 wy\u0142adowania koronowe, unosz\u0105ce si\u0119, powierzchniowe, niezupe\u0142ne, oraz wykluczy\u0107 szumy t\u0142a ze sceny. Znajomo\u015b\u0107 rodzaju i nasilenia wy\u0142adowa\u0107 pozwala obiektowi na zaplanowanie konserwacji w celu zminimalizowania awarii i przestoj\u00f3w.\",\"breadcrumb\":{\"@id\":\"https:\/\/hikmicro.com.pl\/index.php\/ai56\/#breadcrumb\"},\"inLanguage\":\"pl-PL\",\"potentialAction\":[{\"@type\":\"ReadAction\",\"target\":[\"https:\/\/hikmicro.com.pl\/index.php\/ai56\/\"]}]},{\"@type\":\"BreadcrumbList\",\"@id\":\"https:\/\/hikmicro.com.pl\/index.php\/ai56\/#breadcrumb\",\"itemListElement\":[{\"@type\":\"ListItem\",\"position\":1,\"name\":\"Strona g\u0142\u00f3wna\",\"item\":\"https:\/\/hikmicro.com.pl\/\"},{\"@type\":\"ListItem\",\"position\":2,\"name\":\"AI56\"}]},{\"@type\":\"WebSite\",\"@id\":\"https:\/\/hikmicro.com.pl\/#website\",\"url\":\"https:\/\/hikmicro.com.pl\/\",\"name\":\"\",\"description\":\"\",\"potentialAction\":[{\"@type\":\"SearchAction\",\"target\":{\"@type\":\"EntryPoint\",\"urlTemplate\":\"https:\/\/hikmicro.com.pl\/?s={search_term_string}\"},\"query-input\":\"required name=search_term_string\"}],\"inLanguage\":\"pl-PL\"}]}<\/script>\n<!-- \/ Yoast SEO plugin. -->","yoast_head_json":{"title":"AI56 - HIKMICRO","description":"AI56 jest w stanie zidentyfikowa\u0107 wy\u0142adowania koronowe, unosz\u0105ce si\u0119, powierzchniowe, niezupe\u0142ne, oraz wykluczy\u0107 szumy t\u0142a ze sceny. Znajomo\u015b\u0107 rodzaju i nasilenia wy\u0142adowa\u0107 pozwala obiektowi na zaplanowanie konserwacji w celu zminimalizowania awarii i przestoj\u00f3w.","robots":{"index":"index","follow":"follow","max-snippet":"max-snippet:-1","max-image-preview":"max-image-preview:large","max-video-preview":"max-video-preview:-1"},"canonical":"https:\/\/hikmicro.com.pl\/index.php\/ai56\/","og_locale":"pl_PL","og_type":"article","og_title":"AI56 - HIKMICRO","og_description":"AI56 jest w stanie zidentyfikowa\u0107 wy\u0142adowania koronowe, unosz\u0105ce si\u0119, powierzchniowe, niezupe\u0142ne, oraz wykluczy\u0107 szumy t\u0142a ze sceny. Znajomo\u015b\u0107 rodzaju i nasilenia wy\u0142adowa\u0107 pozwala obiektowi na zaplanowanie konserwacji w celu zminimalizowania awarii i przestoj\u00f3w.","og_url":"https:\/\/hikmicro.com.pl\/index.php\/ai56\/","article_modified_time":"2024-03-27T08:09:26+00:00","twitter_card":"summary_large_image","twitter_misc":{"Szacowany czas czytania":"2 minuty"},"schema":{"@context":"https:\/\/schema.org","@graph":[{"@type":"WebPage","@id":"https:\/\/hikmicro.com.pl\/index.php\/ai56\/","url":"https:\/\/hikmicro.com.pl\/index.php\/ai56\/","name":"AI56 - HIKMICRO","isPartOf":{"@id":"https:\/\/hikmicro.com.pl\/#website"},"datePublished":"2024-01-18T09:30:05+00:00","dateModified":"2024-03-27T08:09:26+00:00","description":"AI56 jest w stanie zidentyfikowa\u0107 wy\u0142adowania koronowe, unosz\u0105ce si\u0119, powierzchniowe, niezupe\u0142ne, oraz wykluczy\u0107 szumy t\u0142a ze sceny. Znajomo\u015b\u0107 rodzaju i nasilenia wy\u0142adowa\u0107 pozwala obiektowi na zaplanowanie konserwacji w celu zminimalizowania awarii i przestoj\u00f3w.","breadcrumb":{"@id":"https:\/\/hikmicro.com.pl\/index.php\/ai56\/#breadcrumb"},"inLanguage":"pl-PL","potentialAction":[{"@type":"ReadAction","target":["https:\/\/hikmicro.com.pl\/index.php\/ai56\/"]}]},{"@type":"BreadcrumbList","@id":"https:\/\/hikmicro.com.pl\/index.php\/ai56\/#breadcrumb","itemListElement":[{"@type":"ListItem","position":1,"name":"Strona g\u0142\u00f3wna","item":"https:\/\/hikmicro.com.pl\/"},{"@type":"ListItem","position":2,"name":"AI56"}]},{"@type":"WebSite","@id":"https:\/\/hikmicro.com.pl\/#website","url":"https:\/\/hikmicro.com.pl\/","name":"","description":"","potentialAction":[{"@type":"SearchAction","target":{"@type":"EntryPoint","urlTemplate":"https:\/\/hikmicro.com.pl\/?s={search_term_string}"},"query-input":"required name=search_term_string"}],"inLanguage":"pl-PL"}]}},"_links":{"self":[{"href":"https:\/\/hikmicro.com.pl\/index.php\/wp-json\/wp\/v2\/pages\/641"}],"collection":[{"href":"https:\/\/hikmicro.com.pl\/index.php\/wp-json\/wp\/v2\/pages"}],"about":[{"href":"https:\/\/hikmicro.com.pl\/index.php\/wp-json\/wp\/v2\/types\/page"}],"author":[{"embeddable":true,"href":"https:\/\/hikmicro.com.pl\/index.php\/wp-json\/wp\/v2\/users\/1"}],"replies":[{"embeddable":true,"href":"https:\/\/hikmicro.com.pl\/index.php\/wp-json\/wp\/v2\/comments?post=641"}],"version-history":[{"count":12,"href":"https:\/\/hikmicro.com.pl\/index.php\/wp-json\/wp\/v2\/pages\/641\/revisions"}],"predecessor-version":[{"id":1042,"href":"https:\/\/hikmicro.com.pl\/index.php\/wp-json\/wp\/v2\/pages\/641\/revisions\/1042"}],"wp:attachment":[{"href":"https:\/\/hikmicro.com.pl\/index.php\/wp-json\/wp\/v2\/media?parent=641"}],"curies":[{"name":"wp","href":"https:\/\/api.w.org\/{rel}","templated":true}]}}